 u = -2 - -4. Let t(y) = -2 + 2*y**2 + 4*y**u + 3*y - 8*y**2. Calculate t(2).
-4
Let c = -4 - 1. Let g be ((-4)/10)/(c/25). Let o(i) = 5*i + 3 - 3*i - g. What is o(-1)?
-1
Suppose -5*y - 31 = 3*a, -y + 6*y + 15 = 5*a. Let c be 1/(-3)*(a + -1). Let w(o) = -2*o**2 + 1. Calculate w(c).
-1
Suppose -2*a = -8, -4*f = f + 4*a - 16. Let d(c) = -c**2 - 4. What is d(f)?
-4
Let r(l) = 3*l**3 - 2*l**2 + 7*l + 4. Let z(k) = k**3 - k - 1. Let o(m) = r(m) + 5*z(m). Let s be -1 + 0 + 1 + 1. Calculate o(s).
7
Let s(p) = p - 4. Let i be (-1 - -1)/(1/(-1)). Let z be s(i). Let n(w) = -w**2 - 6*w - 3. What is n(z)?
5
Suppose 0 = 3*i + 4*u + 26, 3*i - 5*u + 5 + 3 = 0. Let d(g) = -7 + 3*g**3 - 4*g**3 - 5*g + 2*g - 6*g**2. Determine d(i).
11
Let a(v) = -5*v + 11. Let j(g) = 2*g - 4. Let n = -4 - 4. Let t(p) = n*j(p) - 3*a(p). Suppose -3*z = -16 + 7. Determine t(z).
-4
Let j(c) = -c**2 - 5*c + 1. Let y(b) = 3*b**2 + 11*b - 3. Let z(s) = -5*j(s) - 2*y(s). Determine z(3).
1
Let t = 2 + -7. Let b be (4 + t)/(1/4). Let a(k) = -5*k + 9. Let p(z) = -6*z + 10. Let d(r) = -5*a(r) + 4*p(r). Calculate d(b).
-9
Let w(m) = 4*m + 19. Let h be w(-6). Let q(b) = -b**3 - 3*b**2 + 6*b - 3. Give q(h).
17
Suppose 5*j - 2 + 0 = -2*m, -2*j + 2*m - 2 = 0. Suppose j = -t - 0*t. Let f(d) = d**2 - d + 2. What is f(t)?
2
Let u(y) = -y**2 + 6*y - 4*y**2 + 4 + 6*y**2. Suppose 0 = -4*t - 0*l - 4*l, -3*t + 2*l = 20. Let z = -2 + t. What is u(z)?
4
Let x be (-2)/(-2)*(1 + -2). Let a(h) = h + 1. Give a(x).
0
Let j(u) = -u - 9. Let b(a) = -2*a - 16. Let q(l) = -3*b(l) + 5*j(l). Give q(-5).
-2
Let n(a) = 4*a - 44*a**3 - 4*a - 3*a - a**2 + 43*a**3 - 1. Calculate n(-2).
9
Let h(k) = -k**2 + 12*k - 15. Let s be h(10). Let y(c) be the second derivative of c**4/12 - c**3/2 - 3*c**2/2 - c. What is y(s)?
7
Let t(x) = x. Let j(q) = q**3 - 3*q**2 - 4*q + 1. Let a(l) = j(l) + 5*t(l). Suppose -3*c + 5*o + 7 + 12 = 0, 5*o = -5*c + 5. Determine a(c).
4
Let k(l) = 2*l**2 - 5*l + l**3 + 0*l + 3*l + 4 - 3*l. Let y(i) = i**2. Let b(c) = -k(c) + 4*y(c). Calculate b(3).
2
Let z = 6 + -4. Let k(j) = -2*j**2 - 6*j + 3 + 3*j**z - 1 + 2*j. Calculate k(3).
-1
Suppose b = 2*b - 3. Suppose 0 = b*x - 9, 2*x - 2 - 4 = 2*s. Let v(t) be the first derivative of -t**4/4 + t**3/3 + t**2/2 + 2*t - 2. Determine v(s).
2
Let m = 10 - 8. Let p(l) = 7*l**2 - m*l**2 + 5*l - 4*l**2. Determine p(-5).
0
Suppose -5*w + 30 = 4*s, -4*w - s = -0*s - 13. Let v(x) = 3 + 5 - 4 + w + x**2 + 7*x. Let j(p) = -p**2 - 3*p - 1. Let l be j(-4). Calculate v(l).
-4
Let n(u) = u**3 + u**2 + u + 4. Suppose 0 = z + 4*z. Let v be n(z). Let d(k) = -k + 2. Determine d(v).
-2
Let g(a) = -4 + a - 23*a**2 + a**3 - 17*a**2 + 45*a**2. Determine g(-4).
8
Let h(u) = -u - 1. Let v be ((-18)/8)/((-3)/40). Suppose -5*w + v - 5 = 0. Suppose 30 = 3*j - w*i, 5*i - 6 = -4*j - 1. Give h(j).
-6
Let d be (-3)/(-5) - 1 - 17/(-5). Let w(j) = -j**2 + 3*j + 4. What is w(d)?
4
Let j(a) = 2 + 3*a - 3*a + a. Let m be (0 + 1)*1 - 3. Let s be 1 - (-2 - 3*m). Determine j(s).
-1
Let l(x) be the first derivative of x**3/3 - x**2 + x + 6. Give l(5).
16
Suppose -3*g + j - 19 = -6*g, 0 = 5*g - 3*j - 41. Let w(n) = g + 2 + 0 + 2*n - n. Determine w(-8).
1
Let d(i) = -2*i**3 + i**2 - i + 2. Suppose 5*b = t + 4*b + 1, -15 = -5*b. Give d(t).
-12
Let b(t) = 8 - t**3 + t**2 - 2*t**2 + t - 5*t**2. Let s(d) = -d**2 + 6*d - 3. Let c be s(4). Let k be 12*3/(-1 - c). What is b(k)?
2
Let o(f) be the second derivative of f**5/20 + f**4/3 - f**3/3 - 3*f**2 + 7*f. What is o(-4)?
2
Suppose i = f + 4*f - 25, 28 = 2*f - 4*i. Let l(d) = -d**3 + 5*d**2 - 5*d + 1. Give l(f).
-3
Suppose 9*s = 4*s - 105. Let a be 13/3 + 7/s. Let p(v) = v**2 - 3*v - 4. Give p(a).
0
Suppose 0 = -3*m + 1 + 5. Let o(g) = m + 0*g + 3 + g. Let l(c) = c**2 + 8*c - 20. Let k be l(-10). Give o(k).
5
Let z be (-20)/(-2) + (-2 - -4). Let l = -11 + z. Let g(k) = 16*k**3 - k. What is g(l)?
15
Let b(c) = 0*c**3 + 3*c**3 + 0*c**3. Suppose 0 = -13*d + 9*d - a, 2*d = 5*a + 22. Calculate b(d).
3
Let v = 0 + -7. Let m(g) be the first derivative of g**2/2 + g + 66. Calculate m(v).
-6
Let b(w) = -w**2 - 4*w - 2. Let h(i) = -i**3 + i - 1. Suppose -7*y = -8*y. Let n be h(y). Let m = n - 1. What is b(m)?
2
Let w(j) = 6*j**3 - 1. Let l be 6 + (4 - 8) + -1 + -2. Calculate w(l).
-7
Let y(r) be the second derivative of -r**4/12 + 3*r**2/2 - r. Let j = -6 + 3. What is y(j)?
-6
Suppose 4*q + 0*q - 12 = 0. Suppose h - 12 = 2*w - q*h, -3*h - 1 = w. Let a(n) be the first derivative of n**4/4 + n**3 - 5*n**2/2 - 6*n + 5. Determine a(w).
-2
Let n(f) = f**2 - 2*f + 1. Let z be n(1). Let w(g) = 2*g - g + z*g + 5. Let b be -4 + -1 + 6/3. Calculate w(b).
2
Suppose 0 = 3*p - 16 - 2. Let f(g) = -4*g**3 + 7*g**2 - 8*g + 5. Let b(q) = -5*q**3 + 7*q**2 - 8*q + 5. Let l(h) = 3*b(h) - 4*f(h). What is l(p)?
7
Let w = 7 - 3. Let f(r) = -13*r**2 + 2*r + 4. Let y(h) = 30*h**2 - 4*h - 9. Let j(m) = 7*f(m) + 3*y(m). Calculate j(w).
-7
Suppose -4*z = -3*z + 4*z. Let p(n) = -n**3 + n**2 - n - 2. Determine p(z).
-2
Let z be (-28)/(-35)*(-15)/(-2). Let l(d) = -d. Let w be l(z). Let h(o) = -o**2 - 5*o. Determine h(w).
-6
Suppose 3*a + 5 = 8*a. Let k = -5 + a. Let d(i) be the third derivative of -i**6/120 - i**5/15 - i**4/24 + 5*i**3/6 - 3*i**2. Determine d(k).
9
Let n(x) = -x + 1. Suppose 0 = -5*i - 4*q, -2*i - 3*q = -0*i. What is n(i)?
1
Suppose 4*p + 0*p - 20 = 0. Let z(g) = -2*g - 4. Let c(a) = -3*a - 3. Let x(t) = 3*c(t) - 4*z(t). What is x(p)?
2
Let o(h) = h**3 + 3*h**2 - 4*h - 1. Suppose 2*v - 2 - 6 = 0. Suppose 2*u - 10 = v*u. Let k(w) = w**3 + 5*w**2 + 2*w + 6. Let a be k(u). Calculate o(a).
-1
Let m(q) = -q - 10. Let y(f) = f + 5. Let c(k) = -2*m(k) - 5*y(k). Give c(-6).
13
Let s(z) = 5*z**2 + 4*z - 5 - 3*z**2 - 3*z**2 - 9*z. What is s(-4)?
-1
Suppose -s + 11 = 2*d - 1, -15 = -5*d. Suppose -3*x - s = -5*a - 2, a = 3*x - 4. Let l(b) = b + 1 + 4*b - a*b + 1. Give l(-3).
-7
Suppose 3*a - a - 6 = 0. Suppose -4*n + 4*b = 24, 0*n + 16 = -2*n + a*b. Let q(g) = g**3 + 2*g**2 - 3*g - 3. Calculate q(n).
3
Suppose 30 = -w - 4*w. Let g(p) = -24*p**3 - 3 - 5*p**2 - 2*p**2 + 23*p**3 - 6*p. Give g(w).
-3
Let o(j) = -6*j + 9. Let b be o(7). Let c be (-105)/b - 4/22. Let q(n) = -n**2 + 4*n. Give q(c).
3
Let d(c) = 3*c**3 + 1. Let u be (-2)/(-7) + (-26)/(-7). Suppose -3*f - 7 = -3*z + u*z, -3*z + 3 = f. Let l be (1/4)/(z/8). Determine d(l).
4
Suppose -3*t = 2*t - 4*l - 24, 0 = -4*l - 4. Let n be t/2 - (-5 + 2). Let c(p) = -p**3 + 6*p**2 - 6*p - 2. Determine c(n).
-7
Let x = -13 + 20. Let t(f) = -f**2 + 7*f + 3. Calculate t(x).
3
Let j(k) = -12*k - k**2 + 5*k - 5 + 2*k**2. Let o be j(7). Let f(r) = -r - 1. Let y(s) = 6*s + 17. Let x(z) = -5*f(z) - y(z). Calculate x(o).
-7
Suppose 5*v - 25 = -4*r, 3*v - 5 = r + 2*v. Let z(b) = b**2 - b - 24. What is z(r)?
-24
Let t(b) = -b**2 + b - 1. Let q(s) = -1. Let u(w) = -q(w) - t(w). Calculate u(3).
8
Let r be 1*(-3)/(-1) + -3. Let z(m) = -m**2 + 1 + r - 3 - 5*m. What is z(-6)?
-8
Let w(v) = -v - 3. Let h(l) = l**3 + 5*l**2 - 6*l - 5. Let t be h(-6). Let r be w(t). Let k(o) = 0 - 1 - r + 5 + 6*o. What is k(-2)?
-10
Let r(n) = n**2. Let h = 9 + -7. Determine r(h).
4
Let d(u) = -u**2 + 4*u**2 - 10*u**2 - 5*u + 4*u. What is d(1)?
-8
Let o(p) be the second derivative of p**4/12 + 2*p**3/3 + 3*p**2/2 + 6*p. Suppose 3*q = -k - 8, 0 = -0*q - 4*q - 4*k - 16. Calculate o(q).
-1
Suppose 0*c + 2*c = 6. Let x(f) = 2*f - 5. Let b(q) = -6 - 2 + 3*q - 1. Let d(k) = c*b(k) - 5*x(k). What is d(-2)?
0
Let z(b) be the second derivative of b**5/5 - 7*b**4/12 - 2*b**3/3 + b**2 + 5*b. Let h(m) = -m**3 + m**2. Let l(r) = 3*h(r) + z(r). Give l(5).
7
Let l(a) be the first derivative of a**2/2 - 8*a + 5. Calculate l(6).
-2
Let h = 24 + -13. Let r = h + -1. Suppose 1 = -3*d + r. Let s(i) = i**2 - 2*i + 1. Determine s(d).
4
Suppose 0 = -4*q - 4*n + 24, 3*n - 4 = -3*q + 7*q. Suppose q = 3*z - 1. Let p(t) = -3*t + z + 3*t + 2 + 2*t. Give p(-3).
-3
Let l(h) be the second derivative of h**4/12 - h**3/2 - h**2 + 3*h. Give l(3).
-2
Let l(n) = 3*n + 2. Let f = 7 + -6. Let r = f - 3. Give l(r).
-4
Let c be ((-4)/(-12))/((-2)/(-24)) + -8. Let p(t) = t + 6. Let f = -6 + 4. Let r(q) = q + 5. Let v(u) = f*p(u) + 3*r(u). Calculate v(c).
-1
Let w = 15 + -10. Let d be 1/w - 42/10. Let j(o) = o**2 + 6